{"id":798,"date":"2026-04-11T00:08:29","date_gmt":"2026-04-10T17:08:29","guid":{"rendered":"https:\/\/thamtraisanvanphong.com.vn\/?post_type=product&#038;p=798"},"modified":"2026-04-11T09:41:06","modified_gmt":"2026-04-11T02:41:06","slug":"tham-tam-rio-m","status":"publish","type":"product","link":"https:\/\/thamtraisanvanphong.com.vn\/?product=tham-tam-rio-m","title":{"rendered":"Th\u1ea3m T\u1ea5m Rio-M"},"content":{"rendered":"<p>Th\u1ea3m t\u1ea5m 50x50cm Rio M l\u00e0 ph\u00e2n kh\u00fac th\u1ea3m t\u1ea5m m\u1ed9t m\u00e0u c\u00f3 gi\u00e1 th\u00e0nh r\u1ebb ph\u00f9 h\u1ee3p v\u1edbi ti\u00eau ch\u00ed ti\u1ebft ki\u1ec7m<\/p>\n<p>Tuy v\u1eady, th\u1ea3m t\u1ea9m Rio M v\u1eabn \u0111em l\u1ea1i c\u1ea3m gi\u00e1c c\u1ef1c k\u1ef3 tr\u1ebb trung n\u0103ng \u0111\u1ed9ng v\u00e0 hi\u1ec7n \u0111\u1ea1i cho v\u0103n ph\u00f2ng c\u1ee7a b\u1ea1n<\/p>\n<p>Rio M series c\u00f3 4 t\u00f4ng m\u00e0u ph\u1ed5 th\u00f4ng<\/p>\n<p>Rio M01 v\u1edbi t\u00f4ng v\u00e0ng be s\u00e1ng<\/p>\n<p>Rio M05 t\u00f4ng ghi t\u1ed1i m\u00e0u r\u1ea5t s\u1ea1ch khi s\u1eed d\u1ee5ng<\/p>\n<p>Ri M03 t\u00f4ng m\u00e0u ghi s\u00e1ng<\/p>\n<p>Rio M07 v\u1edbi t\u00f4ng m\u00e0u xanh n\u01b0\u1edbc bi\u1ec3n r\u1ea5t tr\u1ebb trung<\/p>\n<p><img loading=\"lazy\" decoding=\"async\" class=\"alignnone size-medium wp-image-799\" src=\"https:\/\/thamtraisanvanphong.com.vn\/wp-content\/uploads\/2026\/04\/Tham_rio_M-412x400.jpg\" alt=\"\" width=\"412\" height=\"400\" srcset=\"https:\/\/thamtraisanvanphong.com.vn\/wp-content\/uploads\/2026\/04\/Tham_rio_M-412x400.jpg 412w, https:\/\/thamtraisanvanphong.com.vn\/wp-content\/uploads\/2026\/04\/Tham_rio_M-825x800.jpg 825w, https:\/\/thamtraisanvanphong.com.vn\/wp-content\/uploads\/2026\/04\/Tham_rio_M-200x194.jpg 200w, https:\/\/thamtraisanvanphong.com.vn\/wp-content\/uploads\/2026\/04\/Tham_rio_M-768x745.jpg 768w, https:\/\/thamtraisanvanphong.com.vn\/wp-content\/uploads\/2026\/04\/Tham_rio_M-510x495.jpg 510w, https:\/\/thamtraisanvanphong.com.vn\/wp-content\/uploads\/2026\/04\/Tham_rio_M.jpg 960w\" sizes=\"auto, (max-width: 412px) 100vw, 412px\" \/><\/p>\n","protected":false},"excerpt":{"rendered":"<p>K\u00edch th\u01b0\u1edbc: 500mmx500mmx5mm<\/p>\n<p>Packs: 28pcs\/box 7m2<\/p>\n<p>\u0110\u1ebf: Bitumen<\/p>\n<p>Ch\u1ea5t li\u1ec7u: s\u1ee3i Polyester<\/p>\n","protected":false},"featured_media":799,"comment_status":"open","ping_status":"closed","template":"","meta":[],"product_cat":[96,112],"product_tag":[98,99,100,101,97],"class_list":{"0":"post-798","1":"product","2":"type-product","3":"status-publish","4":"has-post-thumbnail","6":"product_cat-tham-tam","7":"product_cat-tham-tam-rio","8":"product_tag-tham-rio","9":"product_tag-tham-rio-m01","10":"product_tag-tham-rio-m05-tham-rio-m03","11":"product_tag-tham-rio-m07","12":"product_tag-tham-tam-1-mau","14":"first","15":"instock","16":"sale","17":"shipping-taxable","18":"purchasable","19":"product-type-simple"},"yoast_head":"<!-- This site is optimized with the Yoast SEO Premium plugin v20.12 (Yoast SEO v20.12) - https:\/\/yoast.com\/wordpress\/plugins\/seo\/ -->\n<title>Th\u1ea3m T\u1ea5m Rio-M - Thamtraisan<\/title>\n<meta name=\"robots\" content=\"index, follow, max-snippet:-1, max-image-preview:large, max-video-preview:-1\" \/>\n<link rel=\"canonical\" href=\"https:\/\/thamtraisanvanphong.com.vn\/?product=tham-tam-rio-m\" \/>\n<meta property=\"og:locale\" content=\"vi_VN\" \/>\n<meta property=\"og:type\" content=\"article\" \/>\n<meta property=\"og:title\" content=\"Th\u1ea3m T\u1ea5m Rio-M\" \/>\n<meta property=\"og:description\" content=\"K\u00edch th\u01b0\u1edbc: 500mmx500mmx5mm  Packs: 28pcs\/box 7m2  \u0110\u1ebf: Bitumen  Ch\u1ea5t li\u1ec7u: s\u1ee3i Polyester\" \/>\n<meta property=\"og:url\" content=\"https:\/\/thamtraisanvanphong.com.vn\/?product=tham-tam-rio-m\" \/>\n<meta property=\"og:site_name\" content=\"Thamtraisan\" \/>\n<meta property=\"article:modified_time\" content=\"2026-04-11T02:41:06+00:00\" \/>\n<meta property=\"og:image\" content=\"https:\/\/thamtraisanvanphong.com.vn\/wp-content\/uploads\/2026\/04\/Tham_rio_M.jpg\" \/>\n\t<meta property=\"og:image:width\" content=\"960\" \/>\n\t<meta property=\"og:image:height\" content=\"931\" \/>\n\t<meta property=\"og:image:type\" content=\"image\/jpeg\" \/>\n<meta name=\"twitter:card\" content=\"summary_large_image\" \/>\n<meta name=\"twitter:label1\" content=\"\u01af\u1edbc t\u00ednh th\u1eddi gian \u0111\u1ecdc\" \/>\n\t<meta name=\"twitter:data1\" content=\"1 ph\u00fat\" \/>\n<script type=\"application\/ld+json\" class=\"yoast-schema-graph\">{\"@context\":\"https:\/\/schema.org\",\"@graph\":[{\"@type\":\"WebPage\",\"@id\":\"https:\/\/thamtraisanvanphong.com.vn\/?product=tham-tam-rio-m\",\"url\":\"https:\/\/thamtraisanvanphong.com.vn\/?product=tham-tam-rio-m\",\"name\":\"Th\u1ea3m T\u1ea5m Rio-M - Thamtraisan\",\"isPartOf\":{\"@id\":\"https:\/\/thamtraisanvanphong.com.vn\/#website\"},\"datePublished\":\"2026-04-10T17:08:29+00:00\",\"dateModified\":\"2026-04-11T02:41:06+00:00\",\"breadcrumb\":{\"@id\":\"https:\/\/thamtraisanvanphong.com.vn\/?product=tham-tam-rio-m#breadcrumb\"},\"inLanguage\":\"vi\",\"potentialAction\":[{\"@type\":\"ReadAction\",\"target\":[\"https:\/\/thamtraisanvanphong.com.vn\/?product=tham-tam-rio-m\"]}]},{\"@type\":\"BreadcrumbList\",\"@id\":\"https:\/\/thamtraisanvanphong.com.vn\/?product=tham-tam-rio-m#breadcrumb\",\"itemListElement\":[{\"@type\":\"ListItem\",\"position\":1,\"name\":\"Home\",\"item\":\"https:\/\/thamtraisanvanphong.com.vn\/\"},{\"@type\":\"ListItem\",\"position\":2,\"name\":\"C\u1eeda h\u00e0ng\",\"item\":\"https:\/\/thamtraisanvanphong.com.vn\/?page_id=10\"},{\"@type\":\"ListItem\",\"position\":3,\"name\":\"Th\u1ea3m T\u1ea5m Rio-M\"}]},{\"@type\":\"WebSite\",\"@id\":\"https:\/\/thamtraisanvanphong.com.vn\/#website\",\"url\":\"https:\/\/thamtraisanvanphong.com.vn\/\",\"name\":\"Thamtraisan\",\"description\":\"Thamtraisangiare\",\"potentialAction\":[{\"@type\":\"SearchAction\",\"target\":{\"@type\":\"EntryPoint\",\"urlTemplate\":\"https:\/\/thamtraisanvanphong.com.vn\/?s={search_term_string}\"},\"query-input\":\"required name=search_term_string\"}],\"inLanguage\":\"vi\"}]}<\/script>\n<!-- \/ Yoast SEO Premium plugin. -->","yoast_head_json":{"title":"Th\u1ea3m T\u1ea5m Rio-M - Thamtraisan","robots":{"index":"index","follow":"follow","max-snippet":"max-snippet:-1","max-image-preview":"max-image-preview:large","max-video-preview":"max-video-preview:-1"},"canonical":"https:\/\/thamtraisanvanphong.com.vn\/?product=tham-tam-rio-m","og_locale":"vi_VN","og_type":"article","og_title":"Th\u1ea3m T\u1ea5m Rio-M","og_description":"K\u00edch th\u01b0\u1edbc: 500mmx500mmx5mm  Packs: 28pcs\/box 7m2  \u0110\u1ebf: Bitumen  Ch\u1ea5t li\u1ec7u: s\u1ee3i Polyester","og_url":"https:\/\/thamtraisanvanphong.com.vn\/?product=tham-tam-rio-m","og_site_name":"Thamtraisan","article_modified_time":"2026-04-11T02:41:06+00:00","og_image":[{"width":960,"height":931,"url":"https:\/\/thamtraisanvanphong.com.vn\/wp-content\/uploads\/2026\/04\/Tham_rio_M.jpg","type":"image\/jpeg"}],"twitter_card":"summary_large_image","twitter_misc":{"\u01af\u1edbc t\u00ednh th\u1eddi gian \u0111\u1ecdc":"1 ph\u00fat"},"schema":{"@context":"https:\/\/schema.org","@graph":[{"@type":"WebPage","@id":"https:\/\/thamtraisanvanphong.com.vn\/?product=tham-tam-rio-m","url":"https:\/\/thamtraisanvanphong.com.vn\/?product=tham-tam-rio-m","name":"Th\u1ea3m T\u1ea5m Rio-M - Thamtraisan","isPartOf":{"@id":"https:\/\/thamtraisanvanphong.com.vn\/#website"},"datePublished":"2026-04-10T17:08:29+00:00","dateModified":"2026-04-11T02:41:06+00:00","breadcrumb":{"@id":"https:\/\/thamtraisanvanphong.com.vn\/?product=tham-tam-rio-m#breadcrumb"},"inLanguage":"vi","potentialAction":[{"@type":"ReadAction","target":["https:\/\/thamtraisanvanphong.com.vn\/?product=tham-tam-rio-m"]}]},{"@type":"BreadcrumbList","@id":"https:\/\/thamtraisanvanphong.com.vn\/?product=tham-tam-rio-m#breadcrumb","itemListElement":[{"@type":"ListItem","position":1,"name":"Home","item":"https:\/\/thamtraisanvanphong.com.vn\/"},{"@type":"ListItem","position":2,"name":"C\u1eeda h\u00e0ng","item":"https:\/\/thamtraisanvanphong.com.vn\/?page_id=10"},{"@type":"ListItem","position":3,"name":"Th\u1ea3m T\u1ea5m Rio-M"}]},{"@type":"WebSite","@id":"https:\/\/thamtraisanvanphong.com.vn\/#website","url":"https:\/\/thamtraisanvanphong.com.vn\/","name":"Thamtraisan","description":"Thamtraisangiare","potentialAction":[{"@type":"SearchAction","target":{"@type":"EntryPoint","urlTemplate":"https:\/\/thamtraisanvanphong.com.vn\/?s={search_term_string}"},"query-input":"required name=search_term_string"}],"inLanguage":"vi"}]}},"_links":{"self":[{"href":"https:\/\/thamtraisanvanphong.com.vn\/index.php?rest_route=\/wp\/v2\/product\/798","targetHints":{"allow":["GET"]}}],"collection":[{"href":"https:\/\/thamtraisanvanphong.com.vn\/index.php?rest_route=\/wp\/v2\/product"}],"about":[{"href":"https:\/\/thamtraisanvanphong.com.vn\/index.php?rest_route=\/wp\/v2\/types\/product"}],"replies":[{"embeddable":true,"href":"https:\/\/thamtraisanvanphong.com.vn\/index.php?rest_route=%2Fwp%2Fv2%2Fcomments&post=798"}],"wp:featuredmedia":[{"embeddable":true,"href":"https:\/\/thamtraisanvanphong.com.vn\/index.php?rest_route=\/wp\/v2\/media\/799"}],"wp:attachment":[{"href":"https:\/\/thamtraisanvanphong.com.vn\/index.php?rest_route=%2Fwp%2Fv2%2Fmedia&parent=798"}],"wp:term":[{"taxonomy":"product_cat","embeddable":true,"href":"https:\/\/thamtraisanvanphong.com.vn\/index.php?rest_route=%2Fwp%2Fv2%2Fproduct_cat&post=798"},{"taxonomy":"product_tag","embeddable":true,"href":"https:\/\/thamtraisanvanphong.com.vn\/index.php?rest_route=%2Fwp%2Fv2%2Fproduct_tag&post=798"}],"curies":[{"name":"wp","href":"https:\/\/api.w.org\/{rel}","templated":true}]}}