{"id":871,"date":"2026-04-12T01:23:05","date_gmt":"2026-04-11T18:23:05","guid":{"rendered":"https:\/\/thamtraisanvanphong.com.vn\/?post_type=product&#038;p=871"},"modified":"2026-04-12T01:24:48","modified_gmt":"2026-04-11T18:24:48","slug":"thambeta06","status":"publish","type":"product","link":"https:\/\/thamtraisanvanphong.com.vn\/?product=thambeta06","title":{"rendered":"Th\u1ea3m cu\u1ed9n Beta 06"},"content":{"rendered":"<p data-start=\"275\" data-end=\"377\"><strong data-start=\"278\" data-end=\"377\">Th\u1ea3m Tr\u1ea3i S\u00e0n D\u1ea1ng Cu\u1ed9n BETA 06 | Xanh Than Ph\u1ed1i Cam C\u00e1 T\u00ednh, D\u1ec7t S\u1ecdc S\u00e1ng T\u1ea1o, C\u1ef1c K\u1ef3 \u1ea4n T\u01b0\u1ee3ng<\/strong><\/p>\n<p data-start=\"379\" data-end=\"458\"><strong data-start=\"383\" data-end=\"458\">L\u1ef1a ch\u1ecdn kh\u00e1c bi\u1ec7t \u2013 Th\u1ea9m m\u1ef9 s\u00e1ng t\u1ea1o \u2013 D\u00e0nh cho kh\u00f4ng gian chuy\u00ean bi\u1ec7t<\/strong><\/p>\n<p class=\"\" data-start=\"460\" data-end=\"783\"><strong data-start=\"460\" data-end=\"471\">Beta 06<\/strong>\u00a0l\u00e0 m\u1eabu\u00a0<strong data-start=\"479\" data-end=\"506\">th\u1ea3m tr\u1ea3i s\u00e0n d\u1ea1ng cu\u1ed9n<\/strong>\u00a0n\u1ed5i b\u1eadt nh\u1edd ph\u1ed1i m\u00e0u\u00a0<strong data-start=\"528\" data-end=\"573\">xanh than k\u1ebft h\u1ee3p cam v\u00e0ng loang hi\u1ec7n \u0111\u1ea1i<\/strong>, t\u1ea1o hi\u1ec7u \u1ee9ng tr\u1ea3i d\u00e0i b\u1eaft m\u1eaft, \u0111\u1ed9c \u0111\u00e1o v\u00e0 \u0111\u1ea7y c\u00e1 t\u00ednh. \u0110\u00e2y l\u00e0 d\u00f2ng th\u1ea3m l\u00fd t\u01b0\u1edfng cho showroom, khu v\u1ef1c tri\u1ec3n l\u00e3m, studio, v\u0103n ph\u00f2ng s\u00e1ng t\u1ea1o ho\u1eb7c nh\u1eefng kh\u00f4ng gian c\u00f4ng c\u1ed9ng c\u1ea7n t\u1ea1o d\u1ea5u \u1ea5n m\u1ea1nh m\u1ebd v\u1ec1 th\u1ecb gi\u00e1c.<\/p>\n<p data-start=\"790\" data-end=\"832\"><strong data-start=\"796\" data-end=\"832\">\u01afu \u0111i\u1ec3m n\u1ed5i b\u1eadt c\u1ee7a th\u1ea3m Beta 06<\/strong><\/p>\n<ul data-start=\"834\" data-end=\"1319\">\n<li class=\"\" data-start=\"834\" data-end=\"962\">\n<p class=\"\" data-start=\"836\" data-end=\"962\"><strong data-start=\"836\" data-end=\"884\">M\u00e0u s\u1eafc ph\u1ed1i loang \u0111\u1ed9c \u0111\u00e1o \u2013 c\u1ef1c k\u1ef3 \u1ea5n t\u01b0\u1ee3ng<\/strong>: Mang t\u00ednh ngh\u1ec7 thu\u1eadt cao, t\u1ea1o c\u1ea3m gi\u00e1c chuy\u1ec3n \u0111\u1ed9ng m\u1ec1m m\u1ea1i cho kh\u00f4ng gian.<\/p>\n<\/li>\n<li class=\"\" data-start=\"963\" data-end=\"1062\">\n<p class=\"\" data-start=\"965\" data-end=\"1062\"><strong data-start=\"965\" data-end=\"1015\">Ch\u1ea5t li\u1ec7u s\u1ee3i t\u1ed5ng h\u1ee3p cao c\u1ea5p \u2013 b\u1ec1n, kh\u00f4ng x\u00f9<\/strong>: \u0110\u1ea3m b\u1ea3o t\u00ednh th\u1ea9m m\u1ef9 l\u00e2u d\u00e0i v\u00e0 d\u1ec5 b\u1ea3o tr\u00ec.<\/p>\n<\/li>\n<li class=\"\" data-start=\"1063\" data-end=\"1161\">\n<p class=\"\" data-start=\"1065\" data-end=\"1161\"><strong data-start=\"1065\" data-end=\"1112\">D\u1ec7t v\u00e2n s\u1ecdc \u0111\u1ec1u \u2013 ch\u1ed1ng tr\u01a1n tr\u01b0\u1ee3t hi\u1ec7u qu\u1ea3<\/strong>: An to\u00e0n trong \u0111i\u1ec1u ki\u1ec7n m\u1eadt \u0111\u1ed9 di chuy\u1ec3n cao.<\/p>\n<\/li>\n<li class=\"\" data-start=\"1162\" data-end=\"1257\">\n<p class=\"\" data-start=\"1164\" data-end=\"1257\"><strong data-start=\"1164\" data-end=\"1203\">Kh\u1ea3 n\u0103ng c\u00e1ch \u00e2m \u2013 gi\u1eef nhi\u1ec7t t\u1ed1i \u01b0u<\/strong>: L\u00fd t\u01b0\u1edfng cho khu v\u1ef1c l\u00e0m vi\u1ec7c, h\u1ed9i h\u1ecdp, tr\u01b0ng b\u00e0y.<\/p>\n<\/li>\n<li class=\"\" data-start=\"1258\" data-end=\"1319\">\n<p class=\"\" data-start=\"1260\" data-end=\"1319\"><strong data-start=\"1260\" data-end=\"1319\">D\u1ea1ng cu\u1ed9n \u2013 thi c\u00f4ng nhanh, ti\u1ebft ki\u1ec7m chi ph\u00ed nh\u00e2n c\u00f4ng<\/strong><\/p>\n<\/li>\n<\/ul>\n","protected":false},"excerpt":{"rendered":"<h3 class=\"\" data-start=\"1263\" data-end=\"1300\"><strong data-start=\"1270\" data-end=\"1300\">Th\u00f4ng s\u1ed1 k\u1ef9 thu\u1eadt s\u1ea3n ph\u1ea9m<\/strong><\/h3>\n<ul data-start=\"1302\" data-end=\"1568\">\n<li class=\"\" data-start=\"1302\" data-end=\"1330\">\n<p class=\"\" data-start=\"1304\" data-end=\"1330\"><strong data-start=\"1304\" data-end=\"1319\">M\u00e3 s\u1ea3n ph\u1ea9m<\/strong>: Beta 06<\/p>\n<\/li>\n<li class=\"\" data-start=\"1331\" data-end=\"1392\">\n<p class=\"\" data-start=\"1333\" data-end=\"1392\"><strong data-start=\"1333\" data-end=\"1346\">Ch\u1ea5t li\u1ec7u<\/strong>: S\u1ee3i t\u1ed5ng h\u1ee3p cao c\u1ea5p (PP ho\u1eb7c t\u01b0\u01a1ng \u0111\u01b0\u01a1ng)<\/p>\n<\/li>\n<li class=\"\" data-start=\"1393\" data-end=\"1450\">\n<p class=\"\" data-start=\"1395\" data-end=\"1450\"><strong data-start=\"1395\" data-end=\"1414\">K\u00edch th\u01b0\u1edbc cu\u1ed9n<\/strong>: 2m x 25m\u00a0<em data-start=\"1425\" data-end=\"1448\">(c\u1eaft l\u1ebb theo y\u00eau c\u1ea7u)<\/em><\/p>\n<\/li>\n<li class=\"\" data-start=\"1451\" data-end=\"1471\">\n<p class=\"\" data-start=\"1453\" data-end=\"1471\"><strong data-start=\"1453\" data-end=\"1463\">\u0110\u1ed9 d\u00e0y<\/strong>: ~5mm<\/p>\n<\/li>\n<li class=\"\" data-start=\"1472\" data-end=\"1518\">\n<p class=\"\" data-start=\"1474\" data-end=\"1518\"><strong data-start=\"1474\" data-end=\"1484\">B\u1ec1 m\u1eb7t<\/strong>: D\u1ec7t v\u00e2n \u0111\u1ec1u, k\u1ebft c\u1ea5u ch\u1eafc ch\u1eafn<\/p>\n<\/li>\n<li class=\"\" data-start=\"1519\" data-end=\"1568\">\n<p class=\"\" data-start=\"1521\" data-end=\"1568\"><strong data-start=\"1521\" data-end=\"1540\">M\u00e0u s\u1eafc th\u1ef1c t\u1ebf<\/strong>: X\u00e1m ghi \u0111\u1eadm \u0111i\u1ec3m v\u00e0ng nh\u1ea1t<\/p>\n<\/li>\n<\/ul>\n","protected":false},"featured_media":850,"comment_status":"open","ping_status":"closed","template":"","meta":[],"product_cat":[65,127],"product_tag":[136,94,128,89],"class_list":{"0":"post-871","1":"product","2":"type-product","3":"status-publish","4":"has-post-thumbnail","6":"product_cat-tham-cuon","7":"product_cat-tham-cuon-beta","8":"product_tag-tham-beta06","9":"product_tag-tham-cuon","10":"product_tag-tham-cuon-beta","11":"product_tag-tham-van-phong","13":"first","14":"instock","15":"shipping-taxable","16":"product-type-simple"},"yoast_head":"<!-- This site is optimized with the Yoast SEO Premium plugin v20.12 (Yoast SEO v20.12) - https:\/\/yoast.com\/wordpress\/plugins\/seo\/ -->\n<title>Th\u1ea3m cu\u1ed9n Beta 06 n\u1ed5i b\u1eadt trong ph\u00e2n kh\u00fac th\u1ea3m v\u0103n ph\u00f2ng<\/title>\n<meta name=\"description\" content=\"Th\u1ea3m cu\u1ed9n beta \u0111em l\u1ea1i c\u1ea3m gi\u00e1c sang tr\u1ecdng cho v\u0103n ph\u00f2ng, c\u00f4ng s\u1edf, tr\u01b0\u1eddng h\u1ecdc v\u1edbi m\u1ee9c \u0111\u1ea7u t\u01b0 kh\u00f4ng qu\u00e1 cao so v\u1edbi c\u00f9ng ph\u00e2n kh\u00fac v\u00e0 v\u1eadt li\u1ec7u kh\u00e1c\" \/>\n<meta name=\"robots\" content=\"index, follow, max-snippet:-1, max-image-preview:large, max-video-preview:-1\" \/>\n<link rel=\"canonical\" href=\"https:\/\/thamtraisanvanphong.com.vn\/?product=thambeta06\" \/>\n<meta property=\"og:locale\" content=\"vi_VN\" \/>\n<meta property=\"og:type\" content=\"article\" \/>\n<meta property=\"og:title\" content=\"Th\u1ea3m cu\u1ed9n Beta 06\" \/>\n<meta property=\"og:description\" content=\"Th\u1ea3m cu\u1ed9n beta \u0111em l\u1ea1i c\u1ea3m gi\u00e1c sang tr\u1ecdng cho v\u0103n ph\u00f2ng, c\u00f4ng s\u1edf, tr\u01b0\u1eddng h\u1ecdc v\u1edbi m\u1ee9c \u0111\u1ea7u t\u01b0 kh\u00f4ng qu\u00e1 cao so v\u1edbi c\u00f9ng ph\u00e2n kh\u00fac v\u00e0 v\u1eadt li\u1ec7u kh\u00e1c\" \/>\n<meta property=\"og:url\" content=\"https:\/\/thamtraisanvanphong.com.vn\/?product=thambeta06\" \/>\n<meta property=\"og:site_name\" content=\"Thamtraisan\" \/>\n<meta property=\"article:modified_time\" content=\"2026-04-11T18:24:48+00:00\" \/>\n<meta property=\"og:image\" content=\"https:\/\/thamtraisanvanphong.com.vn\/wp-content\/uploads\/2026\/04\/Tham-cuon-Beta06-pc.png\" \/>\n\t<meta property=\"og:image:width\" content=\"739\" \/>\n\t<meta property=\"og:image:height\" content=\"641\" \/>\n\t<meta property=\"og:image:type\" content=\"image\/png\" \/>\n<meta name=\"twitter:card\" content=\"summary_large_image\" \/>\n<meta name=\"twitter:label1\" content=\"\u01af\u1edbc t\u00ednh th\u1eddi gian \u0111\u1ecdc\" \/>\n\t<meta name=\"twitter:data1\" content=\"2 ph\u00fat\" \/>\n<script type=\"application\/ld+json\" class=\"yoast-schema-graph\">{\"@context\":\"https:\/\/schema.org\",\"@graph\":[{\"@type\":\"WebPage\",\"@id\":\"https:\/\/thamtraisanvanphong.com.vn\/?product=thambeta06\",\"url\":\"https:\/\/thamtraisanvanphong.com.vn\/?product=thambeta06\",\"name\":\"Th\u1ea3m cu\u1ed9n Beta 06 n\u1ed5i b\u1eadt trong ph\u00e2n kh\u00fac th\u1ea3m v\u0103n ph\u00f2ng\",\"isPartOf\":{\"@id\":\"https:\/\/thamtraisanvanphong.com.vn\/#website\"},\"datePublished\":\"2026-04-11T18:23:05+00:00\",\"dateModified\":\"2026-04-11T18:24:48+00:00\",\"description\":\"Th\u1ea3m cu\u1ed9n beta \u0111em l\u1ea1i c\u1ea3m gi\u00e1c sang tr\u1ecdng cho v\u0103n ph\u00f2ng, c\u00f4ng s\u1edf, tr\u01b0\u1eddng h\u1ecdc v\u1edbi m\u1ee9c \u0111\u1ea7u t\u01b0 kh\u00f4ng qu\u00e1 cao so v\u1edbi c\u00f9ng ph\u00e2n kh\u00fac v\u00e0 v\u1eadt li\u1ec7u kh\u00e1c\",\"breadcrumb\":{\"@id\":\"https:\/\/thamtraisanvanphong.com.vn\/?product=thambeta06#breadcrumb\"},\"inLanguage\":\"vi\",\"potentialAction\":[{\"@type\":\"ReadAction\",\"target\":[\"https:\/\/thamtraisanvanphong.com.vn\/?product=thambeta06\"]}]},{\"@type\":\"BreadcrumbList\",\"@id\":\"https:\/\/thamtraisanvanphong.com.vn\/?product=thambeta06#breadcrumb\",\"itemListElement\":[{\"@type\":\"ListItem\",\"position\":1,\"name\":\"Home\",\"item\":\"https:\/\/thamtraisanvanphong.com.vn\/\"},{\"@type\":\"ListItem\",\"position\":2,\"name\":\"C\u1eeda h\u00e0ng\",\"item\":\"https:\/\/thamtraisanvanphong.com.vn\/?page_id=10\"},{\"@type\":\"ListItem\",\"position\":3,\"name\":\"Th\u1ea3m cu\u1ed9n Beta 06\"}]},{\"@type\":\"WebSite\",\"@id\":\"https:\/\/thamtraisanvanphong.com.vn\/#website\",\"url\":\"https:\/\/thamtraisanvanphong.com.vn\/\",\"name\":\"Thamtraisan\",\"description\":\"Thamtraisangiare\",\"potentialAction\":[{\"@type\":\"SearchAction\",\"target\":{\"@type\":\"EntryPoint\",\"urlTemplate\":\"https:\/\/thamtraisanvanphong.com.vn\/?s={search_term_string}\"},\"query-input\":\"required name=search_term_string\"}],\"inLanguage\":\"vi\"}]}<\/script>\n<!-- \/ Yoast SEO Premium plugin. -->","yoast_head_json":{"title":"Th\u1ea3m cu\u1ed9n Beta 06 n\u1ed5i b\u1eadt trong ph\u00e2n kh\u00fac th\u1ea3m v\u0103n ph\u00f2ng","description":"Th\u1ea3m cu\u1ed9n beta \u0111em l\u1ea1i c\u1ea3m gi\u00e1c sang tr\u1ecdng cho v\u0103n ph\u00f2ng, c\u00f4ng s\u1edf, tr\u01b0\u1eddng h\u1ecdc v\u1edbi m\u1ee9c \u0111\u1ea7u t\u01b0 kh\u00f4ng qu\u00e1 cao so v\u1edbi c\u00f9ng ph\u00e2n kh\u00fac v\u00e0 v\u1eadt li\u1ec7u kh\u00e1c","robots":{"index":"index","follow":"follow","max-snippet":"max-snippet:-1","max-image-preview":"max-image-preview:large","max-video-preview":"max-video-preview:-1"},"canonical":"https:\/\/thamtraisanvanphong.com.vn\/?product=thambeta06","og_locale":"vi_VN","og_type":"article","og_title":"Th\u1ea3m cu\u1ed9n Beta 06","og_description":"Th\u1ea3m cu\u1ed9n beta \u0111em l\u1ea1i c\u1ea3m gi\u00e1c sang tr\u1ecdng cho v\u0103n ph\u00f2ng, c\u00f4ng s\u1edf, tr\u01b0\u1eddng h\u1ecdc v\u1edbi m\u1ee9c \u0111\u1ea7u t\u01b0 kh\u00f4ng qu\u00e1 cao so v\u1edbi c\u00f9ng ph\u00e2n kh\u00fac v\u00e0 v\u1eadt li\u1ec7u kh\u00e1c","og_url":"https:\/\/thamtraisanvanphong.com.vn\/?product=thambeta06","og_site_name":"Thamtraisan","article_modified_time":"2026-04-11T18:24:48+00:00","og_image":[{"width":739,"height":641,"url":"https:\/\/thamtraisanvanphong.com.vn\/wp-content\/uploads\/2026\/04\/Tham-cuon-Beta06-pc.png","type":"image\/png"}],"twitter_card":"summary_large_image","twitter_misc":{"\u01af\u1edbc t\u00ednh th\u1eddi gian \u0111\u1ecdc":"2 ph\u00fat"},"schema":{"@context":"https:\/\/schema.org","@graph":[{"@type":"WebPage","@id":"https:\/\/thamtraisanvanphong.com.vn\/?product=thambeta06","url":"https:\/\/thamtraisanvanphong.com.vn\/?product=thambeta06","name":"Th\u1ea3m cu\u1ed9n Beta 06 n\u1ed5i b\u1eadt trong ph\u00e2n kh\u00fac th\u1ea3m v\u0103n ph\u00f2ng","isPartOf":{"@id":"https:\/\/thamtraisanvanphong.com.vn\/#website"},"datePublished":"2026-04-11T18:23:05+00:00","dateModified":"2026-04-11T18:24:48+00:00","description":"Th\u1ea3m cu\u1ed9n beta \u0111em l\u1ea1i c\u1ea3m gi\u00e1c sang tr\u1ecdng cho v\u0103n ph\u00f2ng, c\u00f4ng s\u1edf, tr\u01b0\u1eddng h\u1ecdc v\u1edbi m\u1ee9c \u0111\u1ea7u t\u01b0 kh\u00f4ng qu\u00e1 cao so v\u1edbi c\u00f9ng ph\u00e2n kh\u00fac v\u00e0 v\u1eadt li\u1ec7u kh\u00e1c","breadcrumb":{"@id":"https:\/\/thamtraisanvanphong.com.vn\/?product=thambeta06#breadcrumb"},"inLanguage":"vi","potentialAction":[{"@type":"ReadAction","target":["https:\/\/thamtraisanvanphong.com.vn\/?product=thambeta06"]}]},{"@type":"BreadcrumbList","@id":"https:\/\/thamtraisanvanphong.com.vn\/?product=thambeta06#breadcrumb","itemListElement":[{"@type":"ListItem","position":1,"name":"Home","item":"https:\/\/thamtraisanvanphong.com.vn\/"},{"@type":"ListItem","position":2,"name":"C\u1eeda h\u00e0ng","item":"https:\/\/thamtraisanvanphong.com.vn\/?page_id=10"},{"@type":"ListItem","position":3,"name":"Th\u1ea3m cu\u1ed9n Beta 06"}]},{"@type":"WebSite","@id":"https:\/\/thamtraisanvanphong.com.vn\/#website","url":"https:\/\/thamtraisanvanphong.com.vn\/","name":"Thamtraisan","description":"Thamtraisangiare","potentialAction":[{"@type":"SearchAction","target":{"@type":"EntryPoint","urlTemplate":"https:\/\/thamtraisanvanphong.com.vn\/?s={search_term_string}"},"query-input":"required name=search_term_string"}],"inLanguage":"vi"}]}},"_links":{"self":[{"href":"https:\/\/thamtraisanvanphong.com.vn\/index.php?rest_route=\/wp\/v2\/product\/871","targetHints":{"allow":["GET"]}}],"collection":[{"href":"https:\/\/thamtraisanvanphong.com.vn\/index.php?rest_route=\/wp\/v2\/product"}],"about":[{"href":"https:\/\/thamtraisanvanphong.com.vn\/index.php?rest_route=\/wp\/v2\/types\/product"}],"replies":[{"embeddable":true,"href":"https:\/\/thamtraisanvanphong.com.vn\/index.php?rest_route=%2Fwp%2Fv2%2Fcomments&post=871"}],"wp:featuredmedia":[{"embeddable":true,"href":"https:\/\/thamtraisanvanphong.com.vn\/index.php?rest_route=\/wp\/v2\/media\/850"}],"wp:attachment":[{"href":"https:\/\/thamtraisanvanphong.com.vn\/index.php?rest_route=%2Fwp%2Fv2%2Fmedia&parent=871"}],"wp:term":[{"taxonomy":"product_cat","embeddable":true,"href":"https:\/\/thamtraisanvanphong.com.vn\/index.php?rest_route=%2Fwp%2Fv2%2Fproduct_cat&post=871"},{"taxonomy":"product_tag","embeddable":true,"href":"https:\/\/thamtraisanvanphong.com.vn\/index.php?rest_route=%2Fwp%2Fv2%2Fproduct_tag&post=871"}],"curies":[{"name":"wp","href":"https:\/\/api.w.org\/{rel}","templated":true}]}}