{"id":894,"date":"2026-04-17T15:10:52","date_gmt":"2026-04-17T08:10:52","guid":{"rendered":"https:\/\/thamtraisanvanphong.com.vn\/?post_type=product&#038;p=894"},"modified":"2026-04-17T15:27:59","modified_gmt":"2026-04-17T08:27:59","slug":"tham-trai-san-hoi-truong-ht-1000-06","status":"publish","type":"product","link":"https:\/\/thamtraisanvanphong.com.vn\/?product=tham-trai-san-hoi-truong-ht-1000-06","title":{"rendered":"Th\u1ea3m Tr\u1ea3i S\u00e0n H\u1ed9i Tr\u01b0\u1eddng HT-1000-06"},"content":{"rendered":"<p data-pm-slice=\"1 1 []\">Trong c\u00e1c kh\u00f4ng gian h\u1ed9i tr\u01b0\u1eddng, trung t\u00e2m h\u1ed9i ngh\u1ecb hay khu v\u1ef1c l\u1ec5 t\u00e2n sang tr\u1ecdng, th\u1ea3m tr\u1ea3i s\u00e0n \u0111\u00f3ng vai tr\u00f2 v\u1eeba l\u00e0 l\u1edbp n\u1ec1n b\u1ea3o v\u1ec7 v\u1eeba l\u00e0 y\u1ebfu t\u1ed1 n\u00e2ng t\u1ea7m th\u1ea9m m\u1ef9 t\u1ed5ng th\u1ec3.\u00a0<strong>Th\u1ea3m tr\u1ea3i s\u00e0n h\u1ed9i tr\u01b0\u1eddng HT-1000-06<\/strong>\u00a0l\u00e0 s\u1ea3n ph\u1ea9m \u0111\u01b0\u1ee3c thi\u1ebft k\u1ebf ri\u00eang cho nh\u1eefng kh\u00f4ng gian c\u1ea7n s\u1ef1 tinh t\u1ebf, b\u1ec1n b\u1ec9 v\u00e0 mang t\u00ednh bi\u1ec3u t\u01b0\u1ee3ng cao. V\u1edbi h\u1ecda ti\u1ebft hoa thanh l\u1ecbch \u0111\u01b0\u1ee3c d\u1ec7t t\u1ec9 m\u1ec9 tr\u00ean n\u1ec1n m\u00e0u be trung t\u00ednh, s\u1ea3n ph\u1ea9m mang \u0111\u1ebfn c\u1ea3m gi\u00e1c nh\u1eb9 nh\u00e0ng, th\u01b0 th\u00e1i m\u00e0 v\u1eabn \u0111\u1ee7 n\u1ed5i b\u1eadt \u0111\u1ec3 \u0111\u1ecbnh h\u00ecnh c\u00e1 t\u00ednh kh\u00f4ng gian.<\/p>\n<h2 data-pm-slice=\"1 1 []\">\u00a0Thi\u1ebft k\u1ebf t\u1ea1o \u1ea5n t\u01b0\u1ee3ng th\u1ecb gi\u00e1c tinh t\u1ebf<\/h2>\n<p>L\u1ea5y c\u1ea3m h\u1ee9ng t\u1eeb hoa loa k\u00e8n \u2013 bi\u1ec3u t\u01b0\u1ee3ng c\u1ee7a s\u1ef1 sang tr\u1ecdng v\u00e0 tinh khi\u1ebft, hoa v\u0103n \u0111\u01b0\u1ee3c d\u1ec7t b\u1eb1ng k\u1ef9 thu\u1eadt Cut Pile gi\u00fap c\u00e1c \u0111\u01b0\u1eddng n\u00e9t tr\u1edf n\u00ean n\u1ed5i kh\u1ed1i, m\u1ec1m m\u1ea1i v\u00e0 cu\u1ed1n h\u00fat. Ph\u1ea7n n\u1ec1n m\u00e0u be \u2013 kem \u0111\u01b0\u1ee3c x\u1eed l\u00fd v\u1edbi c\u00e1c l\u1edbp n\u1ec1n m\u00f4 ph\u1ecfng hi\u1ec7u \u1ee9ng \u00e1nh s\u00e1ng \u2013 b\u00f3ng \u0111\u1ed5 t\u1ef1 nhi\u00ean, gi\u00fap t\u1ed5ng th\u1ec3 m\u1eb7t th\u1ea3m kh\u00f4ng b\u1ecb ph\u1eb3ng m\u00e0 c\u00f3 chi\u1ec1u s\u00e2u v\u00e0 \u0111\u1ed9 chuy\u1ec3n t\u00f4ng tinh t\u1ebf.<\/p>\n<p>S\u1ef1 k\u1ebft h\u1ee3p h\u00e0i h\u00f2a gi\u1eefa c\u00e1c s\u1eafc \u0111\u1ed9 v\u00e0ng n\u00e2u v\u00e0 tr\u1eafng cam nh\u1eb9 t\u1ea1o c\u1ea3m gi\u00e1c trang nh\u00e3, ph\u00f9 h\u1ee3p v\u1edbi c\u00e1c kh\u00f4ng gian y\u00eau c\u1ea7u s\u1ef1 thanh l\u1ecbch nh\u01b0 h\u1ed9i tr\u01b0\u1eddng l\u1edbn, ph\u00f2ng h\u1ecdp cao c\u1ea5p, nh\u00e0 h\u00e1t ho\u1eb7c kh\u00f4ng gian tr\u01b0ng b\u00e0y sang tr\u1ecdng. H\u1ecda ti\u1ebft kh\u00f4ng qu\u00e1 r\u1ed1i m\u1eaft nh\u01b0ng v\u1eabn \u0111\u1ee7 \u0111\u1ec3 t\u1ea1o \u0111i\u1ec3m nh\u1ea5n gi\u00fap kh\u00f4ng gian tr\u1edf n\u00ean s\u1ed1ng \u0111\u1ed9ng v\u00e0 c\u00f3 t\u00ednh d\u1eabn d\u1eaft th\u1ecb gi\u00e1c.<\/p>\n<h2 data-pm-slice=\"1 3 []\">\u00a0\u01afu \u0111i\u1ec3m n\u1ed5i b\u1eadt<\/h2>\n<ul data-spread=\"false\">\n<li>Hoa v\u0103n l\u1ea5y c\u1ea3m h\u1ee9ng t\u1eeb hoa loa k\u00e8n trang nh\u00e3, thanh tho\u00e1t<\/li>\n<li>Gam m\u00e0u be \u2013 v\u00e0ng kem d\u1ec5 ph\u1ed1i h\u1ee3p v\u1edbi \u00e1nh s\u00e1ng v\u00e0 n\u1ed9i th\u1ea5t<\/li>\n<li>K\u1ebft c\u1ea5u Cut Pile gi\u00fap b\u1ec1 m\u1eb7t m\u1ec1m m\u1ea1i v\u00e0 n\u1ed5i b\u1eadt h\u1ecda ti\u1ebft<\/li>\n<li>S\u1ee3i Nylon 6 b\u1ec1n b\u1ec9, ch\u1ecbu l\u1ef1c t\u1ed1t, ch\u1ed1ng x\u00f9 l\u00f4ng<\/li>\n<li>\u0110\u1ebf PP Woven ch\u1ed1ng tr\u01b0\u1ee3t, d\u1ec5 thi c\u00f4ng, gi\u1eef c\u1ed1 \u0111\u1ecbnh \u1ed5n \u0111\u1ecbnh<\/li>\n<li>Gi\u1ea3m ti\u1ebfng \u1ed3n, gi\u1eef \u1ea5m s\u00e0n v\u00e0 t\u0103ng \u0111\u1ed9 b\u1ec1n cho b\u1ec1 m\u1eb7t s\u00e0n<\/li>\n<\/ul>\n<h2 data-pm-slice=\"1 1 []\">\u1ee8ng d\u1ee5ng linh ho\u1ea1t<\/h2>\n<p>V\u1edbi thi\u1ebft k\u1ebf thanh l\u1ecbch v\u00e0 ch\u1ea5t li\u1ec7u cao c\u1ea5p, HT-1000-06 ph\u00f9 h\u1ee3p v\u1edbi nhi\u1ec1u lo\u1ea1i h\u00ecnh kh\u00f4ng gian nh\u01b0:<\/p>\n<ul data-spread=\"false\">\n<li>H\u1ed9i tr\u01b0\u1eddng kh\u00e1ch s\u1ea1n v\u00e0 trung t\u00e2m h\u1ed9i ngh\u1ecb<\/li>\n<li>Ph\u00f2ng h\u1ecdp cao c\u1ea5p, v\u0103n ph\u00f2ng \u0111i\u1ec1u h\u00e0nh<\/li>\n<li>Nh\u00e0 h\u00e1t, kh\u00e1n ph\u00f2ng, r\u1ea1p chi\u1ebfu phim sang tr\u1ecdng<\/li>\n<li>Khu v\u1ef1c l\u1ec5 t\u00e2n, ph\u00f2ng ch\u1edd VIP<\/li>\n<li>Kh\u00f4ng gian tri\u1ec3n l\u00e3m ho\u1eb7c tr\u01b0ng b\u00e0y s\u1ea3n ph\u1ea9m cao c\u1ea5p<\/li>\n<\/ul>\n<p>Th\u1ea3m kh\u00f4ng ch\u1ec9 l\u00e0m n\u1ed5i b\u1eadt kh\u00f4ng gian m\u00e0 c\u00f2n t\u1ea1o c\u1ea3m gi\u00e1c \u1ea5m \u00e1p, d\u1ec5 ch\u1ecbu cho ng\u01b0\u1eddi s\u1eed d\u1ee5ng, g\u00f3p ph\u1ea7n n\u00e2ng cao tr\u1ea3i nghi\u1ec7m t\u1ed5ng th\u1ec3.<\/p>\n<h2 data-pm-slice=\"1 1 []\">\u00a0K\u1ebft lu\u1eadn<\/h2>\n<p><strong>Th\u1ea3m tr\u1ea3i s\u00e0n h\u1ed9i tr\u01b0\u1eddng HT-1000-06<\/strong>\u00a0l\u00e0 s\u1ef1 k\u1ebft h\u1ee3p gi\u1eefa ngh\u1ec7 thu\u1eadt thi\u1ebft k\u1ebf hoa v\u0103n trang nh\u00e3 v\u00e0 c\u00f4ng ngh\u1ec7 s\u1ea3n xu\u1ea5t th\u1ea3m ti\u00ean ti\u1ebfn. V\u1edbi ch\u1ea5t li\u1ec7u s\u1ee3i Nylon 6 cao c\u1ea5p, \u0111\u1ebf ch\u1ed1ng tr\u01b0\u1ee3t, m\u00e0u s\u1eafc h\u00e0i h\u00f2a v\u00e0 hoa v\u0103n c\u00f3 chi\u1ec1u s\u00e2u, s\u1ea3n ph\u1ea9m n\u00e0y mang l\u1ea1i gi\u00e1 tr\u1ecb s\u1eed d\u1ee5ng l\u00e2u d\u00e0i v\u00e0 th\u1ea9m m\u1ef9 v\u01b0\u1ee3t tr\u1ed9i. \u0110\u00e2y ch\u00ednh l\u00e0 l\u1ef1a ch\u1ecdn ho\u00e0n h\u1ea3o cho nh\u1eefng ai \u0111ang t\u00ecm ki\u1ebfm gi\u1ea3i ph\u00e1p th\u1ea3m tr\u1ea3i s\u00e0n h\u1ed9i tr\u01b0\u1eddng \u0111\u1eb9p, b\u1ec1n v\u00e0 d\u1ec5 thi c\u00f4ng.<\/p>\n","protected":false},"excerpt":{"rendered":"<h2 data-start=\"4031\" data-end=\"4063\">Th\u00f4ng s\u1ed1 k\u1ef9 thu\u1eadt chi ti\u1ebft<\/h2>\n<div class=\"_tableContainer_16hzy_1\">\n<div class=\"_tableWrapper_16hzy_14 group flex w-fit flex-col-reverse\" tabindex=\"-1\">\n<table class=\"w-fit min-w-(--thread-content-width)\" data-start=\"4065\" data-end=\"4694\">\n<thead data-start=\"4065\" data-end=\"4134\">\n<tr data-start=\"4065\" data-end=\"4134\">\n<th data-start=\"4065\" data-end=\"4089\" data-col-size=\"sm\">Th\u00f4ng s\u1ed1<\/th>\n<th data-start=\"4089\" data-end=\"4134\" data-col-size=\"sm\">Chi ti\u1ebft<\/th>\n<\/tr>\n<\/thead>\n<tbody data-start=\"4205\" data-end=\"4694\">\n<tr data-start=\"4205\" data-end=\"4274\">\n<td data-start=\"4205\" data-end=\"4229\" data-col-size=\"sm\">Ch\u1ea5t li\u1ec7u s\u1ee3i<\/td>\n<td data-start=\"4229\" data-end=\"4274\" data-col-size=\"sm\">100% S\u1ee3i Nylon 6<\/td>\n<\/tr>\n<tr data-start=\"4275\" data-end=\"4344\">\n<td data-start=\"4275\" data-end=\"4299\" data-col-size=\"sm\">Ki\u1ec3u d\u1ec7t<\/td>\n<td data-start=\"4299\" data-end=\"4344\" data-col-size=\"sm\">Cut Pile<\/td>\n<\/tr>\n<tr data-start=\"4345\" data-end=\"4414\">\n<td data-start=\"4345\" data-end=\"4369\" data-col-size=\"sm\">M\u1eadt \u0111\u1ed9 s\u1ee3i<\/td>\n<td data-start=\"4369\" data-end=\"4414\" data-col-size=\"sm\">1000 gram\/m\u00b2<\/td>\n<\/tr>\n<tr data-start=\"4415\" data-end=\"4484\">\n<td data-start=\"4415\" data-end=\"4439\" data-col-size=\"sm\">T\u1ed5ng chi\u1ec1u cao<\/td>\n<td data-start=\"4439\" data-end=\"4484\" data-col-size=\"sm\">9mm (\u00b15%)<\/td>\n<\/tr>\n<tr data-start=\"4485\" data-end=\"4554\">\n<td data-start=\"4485\" data-end=\"4509\" data-col-size=\"sm\">Chi\u1ec1u cao s\u1ee3i<\/td>\n<td data-start=\"4509\" data-end=\"4554\" data-col-size=\"sm\">6mm (\u00b15%)<\/td>\n<\/tr>\n<tr data-start=\"4555\" data-end=\"4624\">\n<td data-start=\"4555\" data-end=\"4579\" data-col-size=\"sm\">Kh\u1ed5 th\u1ea3m<\/td>\n<td data-start=\"4579\" data-end=\"4624\" data-col-size=\"sm\">3.66m ho\u1eb7c 4.00m<\/td>\n<\/tr>\n<tr data-start=\"4625\" data-end=\"4694\">\n<td data-start=\"4625\" data-end=\"4649\" data-col-size=\"sm\">Lo\u1ea1i \u0111\u1ebf<\/td>\n<td data-start=\"4649\" data-end=\"4694\" data-col-size=\"sm\">PP Woven \u2013 Ch\u1ed1ng tr\u01b0\u1ee3t, d\u1ec5 thi c\u00f4ng<\/td>\n<\/tr>\n<\/tbody>\n<\/table>\n<div class=\"sticky end-(--thread-content-margin) h-0 self-end select-none\">\n<div class=\"absolute end-0 flex items-end\"><\/div>\n<\/div>\n<\/div>\n<\/div>\n","protected":false},"featured_media":898,"comment_status":"open","ping_status":"closed","template":"","meta":[],"product_cat":[150],"product_tag":[151,152,153,154,155,156,157,158,159,160],"class_list":{"0":"post-894","1":"product","2":"type-product","3":"status-publish","4":"has-post-thumbnail","6":"product_cat-tham-khach-san","7":"product_tag-noi-that-khach-san","8":"product_tag-tham-cut-pile","9":"product_tag-tham-duong-dan","10":"product_tag-tham-hanh-lang","11":"product_tag-tham-hoa-lam","12":"product_tag-tham-khach-san","13":"product_tag-tham-mau-be","14":"product_tag-tham-nylon-6","15":"product_tag-tham-trai-san","16":"product_tag-vinecom","18":"first","19":"instock","20":"sale","21":"shipping-taxable","22":"purchasable","23":"product-type-simple"},"yoast_head":"<!-- This site is optimized with the Yoast SEO Premium plugin v20.12 (Yoast SEO v20.12) - https:\/\/yoast.com\/wordpress\/plugins\/seo\/ -->\n<title>Th\u1ea3m Tr\u1ea3i S\u00e0n H\u1ed9i Tr\u01b0\u1eddng HT-1000-06 sang tr\u1ecdng v\u00e0 tinh t\u1ebf<\/title>\n<meta name=\"description\" content=\"Th\u1ea3m tr\u1ea3i s\u00e0n \u0111\u01b0\u1eddng d\u1eabn l\u00e0 s\u1ea3n ph\u1ea9m cao c\u1ea5p \u0111em l\u1ea1i c\u1ea3m gi\u00e1c sang tr\u1ecdng tinh t\u1ebf \u0111\u00e1p \u1ee9ng \u0111\u01b0\u1ee3c ti\u00eau ch\u00ed kh\u1eaft khe v\u1ec1 th\u1ea9m m\u1ef9, t\u00ednh an to\u00e0n th\u00e2n thi\u1ec7n\" \/>\n<meta name=\"robots\" content=\"index, follow, max-snippet:-1, max-image-preview:large, max-video-preview:-1\" \/>\n<link rel=\"canonical\" href=\"https:\/\/thamtraisanvanphong.com.vn\/?product=tham-trai-san-hoi-truong-ht-1000-06\" \/>\n<meta property=\"og:locale\" content=\"vi_VN\" \/>\n<meta property=\"og:type\" content=\"article\" \/>\n<meta property=\"og:title\" content=\"Th\u1ea3m Tr\u1ea3i S\u00e0n H\u1ed9i Tr\u01b0\u1eddng HT-1000-06\" \/>\n<meta property=\"og:description\" content=\"Th\u1ea3m tr\u1ea3i s\u00e0n \u0111\u01b0\u1eddng d\u1eabn l\u00e0 s\u1ea3n ph\u1ea9m cao c\u1ea5p \u0111em l\u1ea1i c\u1ea3m gi\u00e1c sang tr\u1ecdng tinh t\u1ebf \u0111\u00e1p \u1ee9ng \u0111\u01b0\u1ee3c ti\u00eau ch\u00ed kh\u1eaft khe v\u1ec1 th\u1ea9m m\u1ef9, t\u00ednh an to\u00e0n th\u00e2n thi\u1ec7n\" \/>\n<meta property=\"og:url\" content=\"https:\/\/thamtraisanvanphong.com.vn\/?product=tham-trai-san-hoi-truong-ht-1000-06\" \/>\n<meta property=\"og:site_name\" content=\"Thamtraisan\" \/>\n<meta property=\"article:modified_time\" content=\"2026-04-17T08:27:59+00:00\" \/>\n<meta property=\"og:image\" content=\"https:\/\/thamtraisanvanphong.com.vn\/wp-content\/uploads\/2026\/04\/Tham-khach-san-HT-1000-06.png\" \/>\n\t<meta property=\"og:image:width\" content=\"401\" \/>\n\t<meta property=\"og:image:height\" content=\"399\" \/>\n\t<meta property=\"og:image:type\" content=\"image\/png\" \/>\n<meta name=\"twitter:card\" content=\"summary_large_image\" \/>\n<meta name=\"twitter:label1\" content=\"\u01af\u1edbc t\u00ednh th\u1eddi gian \u0111\u1ecdc\" \/>\n\t<meta name=\"twitter:data1\" content=\"3 ph\u00fat\" \/>\n<script type=\"application\/ld+json\" class=\"yoast-schema-graph\">{\"@context\":\"https:\/\/schema.org\",\"@graph\":[{\"@type\":\"WebPage\",\"@id\":\"https:\/\/thamtraisanvanphong.com.vn\/?product=tham-trai-san-hoi-truong-ht-1000-06\",\"url\":\"https:\/\/thamtraisanvanphong.com.vn\/?product=tham-trai-san-hoi-truong-ht-1000-06\",\"name\":\"Th\u1ea3m Tr\u1ea3i S\u00e0n H\u1ed9i Tr\u01b0\u1eddng HT-1000-06 sang tr\u1ecdng v\u00e0 tinh t\u1ebf\",\"isPartOf\":{\"@id\":\"https:\/\/thamtraisanvanphong.com.vn\/#website\"},\"datePublished\":\"2026-04-17T08:10:52+00:00\",\"dateModified\":\"2026-04-17T08:27:59+00:00\",\"description\":\"Th\u1ea3m tr\u1ea3i s\u00e0n \u0111\u01b0\u1eddng d\u1eabn l\u00e0 s\u1ea3n ph\u1ea9m cao c\u1ea5p \u0111em l\u1ea1i c\u1ea3m gi\u00e1c sang tr\u1ecdng tinh t\u1ebf \u0111\u00e1p \u1ee9ng \u0111\u01b0\u1ee3c ti\u00eau ch\u00ed kh\u1eaft khe v\u1ec1 th\u1ea9m m\u1ef9, t\u00ednh an to\u00e0n th\u00e2n thi\u1ec7n\",\"breadcrumb\":{\"@id\":\"https:\/\/thamtraisanvanphong.com.vn\/?product=tham-trai-san-hoi-truong-ht-1000-06#breadcrumb\"},\"inLanguage\":\"vi\",\"potentialAction\":[{\"@type\":\"ReadAction\",\"target\":[\"https:\/\/thamtraisanvanphong.com.vn\/?product=tham-trai-san-hoi-truong-ht-1000-06\"]}]},{\"@type\":\"BreadcrumbList\",\"@id\":\"https:\/\/thamtraisanvanphong.com.vn\/?product=tham-trai-san-hoi-truong-ht-1000-06#breadcrumb\",\"itemListElement\":[{\"@type\":\"ListItem\",\"position\":1,\"name\":\"Home\",\"item\":\"https:\/\/thamtraisanvanphong.com.vn\/\"},{\"@type\":\"ListItem\",\"position\":2,\"name\":\"C\u1eeda h\u00e0ng\",\"item\":\"https:\/\/thamtraisanvanphong.com.vn\/?page_id=10\"},{\"@type\":\"ListItem\",\"position\":3,\"name\":\"Th\u1ea3m Tr\u1ea3i S\u00e0n H\u1ed9i Tr\u01b0\u1eddng HT-1000-06\"}]},{\"@type\":\"WebSite\",\"@id\":\"https:\/\/thamtraisanvanphong.com.vn\/#website\",\"url\":\"https:\/\/thamtraisanvanphong.com.vn\/\",\"name\":\"Thamtraisan\",\"description\":\"Thamtraisangiare\",\"potentialAction\":[{\"@type\":\"SearchAction\",\"target\":{\"@type\":\"EntryPoint\",\"urlTemplate\":\"https:\/\/thamtraisanvanphong.com.vn\/?s={search_term_string}\"},\"query-input\":\"required name=search_term_string\"}],\"inLanguage\":\"vi\"}]}<\/script>\n<!-- \/ Yoast SEO Premium plugin. -->","yoast_head_json":{"title":"Th\u1ea3m Tr\u1ea3i S\u00e0n H\u1ed9i Tr\u01b0\u1eddng HT-1000-06 sang tr\u1ecdng v\u00e0 tinh t\u1ebf","description":"Th\u1ea3m tr\u1ea3i s\u00e0n \u0111\u01b0\u1eddng d\u1eabn l\u00e0 s\u1ea3n ph\u1ea9m cao c\u1ea5p \u0111em l\u1ea1i c\u1ea3m gi\u00e1c sang tr\u1ecdng tinh t\u1ebf \u0111\u00e1p \u1ee9ng \u0111\u01b0\u1ee3c ti\u00eau ch\u00ed kh\u1eaft khe v\u1ec1 th\u1ea9m m\u1ef9, t\u00ednh an to\u00e0n th\u00e2n thi\u1ec7n","robots":{"index":"index","follow":"follow","max-snippet":"max-snippet:-1","max-image-preview":"max-image-preview:large","max-video-preview":"max-video-preview:-1"},"canonical":"https:\/\/thamtraisanvanphong.com.vn\/?product=tham-trai-san-hoi-truong-ht-1000-06","og_locale":"vi_VN","og_type":"article","og_title":"Th\u1ea3m Tr\u1ea3i S\u00e0n H\u1ed9i Tr\u01b0\u1eddng HT-1000-06","og_description":"Th\u1ea3m tr\u1ea3i s\u00e0n \u0111\u01b0\u1eddng d\u1eabn l\u00e0 s\u1ea3n ph\u1ea9m cao c\u1ea5p \u0111em l\u1ea1i c\u1ea3m gi\u00e1c sang tr\u1ecdng tinh t\u1ebf \u0111\u00e1p \u1ee9ng \u0111\u01b0\u1ee3c ti\u00eau ch\u00ed kh\u1eaft khe v\u1ec1 th\u1ea9m m\u1ef9, t\u00ednh an to\u00e0n th\u00e2n thi\u1ec7n","og_url":"https:\/\/thamtraisanvanphong.com.vn\/?product=tham-trai-san-hoi-truong-ht-1000-06","og_site_name":"Thamtraisan","article_modified_time":"2026-04-17T08:27:59+00:00","og_image":[{"width":401,"height":399,"url":"https:\/\/thamtraisanvanphong.com.vn\/wp-content\/uploads\/2026\/04\/Tham-khach-san-HT-1000-06.png","type":"image\/png"}],"twitter_card":"summary_large_image","twitter_misc":{"\u01af\u1edbc t\u00ednh th\u1eddi gian \u0111\u1ecdc":"3 ph\u00fat"},"schema":{"@context":"https:\/\/schema.org","@graph":[{"@type":"WebPage","@id":"https:\/\/thamtraisanvanphong.com.vn\/?product=tham-trai-san-hoi-truong-ht-1000-06","url":"https:\/\/thamtraisanvanphong.com.vn\/?product=tham-trai-san-hoi-truong-ht-1000-06","name":"Th\u1ea3m Tr\u1ea3i S\u00e0n H\u1ed9i Tr\u01b0\u1eddng HT-1000-06 sang tr\u1ecdng v\u00e0 tinh t\u1ebf","isPartOf":{"@id":"https:\/\/thamtraisanvanphong.com.vn\/#website"},"datePublished":"2026-04-17T08:10:52+00:00","dateModified":"2026-04-17T08:27:59+00:00","description":"Th\u1ea3m tr\u1ea3i s\u00e0n \u0111\u01b0\u1eddng d\u1eabn l\u00e0 s\u1ea3n ph\u1ea9m cao c\u1ea5p \u0111em l\u1ea1i c\u1ea3m gi\u00e1c sang tr\u1ecdng tinh t\u1ebf \u0111\u00e1p \u1ee9ng \u0111\u01b0\u1ee3c ti\u00eau ch\u00ed kh\u1eaft khe v\u1ec1 th\u1ea9m m\u1ef9, t\u00ednh an to\u00e0n th\u00e2n thi\u1ec7n","breadcrumb":{"@id":"https:\/\/thamtraisanvanphong.com.vn\/?product=tham-trai-san-hoi-truong-ht-1000-06#breadcrumb"},"inLanguage":"vi","potentialAction":[{"@type":"ReadAction","target":["https:\/\/thamtraisanvanphong.com.vn\/?product=tham-trai-san-hoi-truong-ht-1000-06"]}]},{"@type":"BreadcrumbList","@id":"https:\/\/thamtraisanvanphong.com.vn\/?product=tham-trai-san-hoi-truong-ht-1000-06#breadcrumb","itemListElement":[{"@type":"ListItem","position":1,"name":"Home","item":"https:\/\/thamtraisanvanphong.com.vn\/"},{"@type":"ListItem","position":2,"name":"C\u1eeda h\u00e0ng","item":"https:\/\/thamtraisanvanphong.com.vn\/?page_id=10"},{"@type":"ListItem","position":3,"name":"Th\u1ea3m Tr\u1ea3i S\u00e0n H\u1ed9i Tr\u01b0\u1eddng HT-1000-06"}]},{"@type":"WebSite","@id":"https:\/\/thamtraisanvanphong.com.vn\/#website","url":"https:\/\/thamtraisanvanphong.com.vn\/","name":"Thamtraisan","description":"Thamtraisangiare","potentialAction":[{"@type":"SearchAction","target":{"@type":"EntryPoint","urlTemplate":"https:\/\/thamtraisanvanphong.com.vn\/?s={search_term_string}"},"query-input":"required name=search_term_string"}],"inLanguage":"vi"}]}},"_links":{"self":[{"href":"https:\/\/thamtraisanvanphong.com.vn\/index.php?rest_route=\/wp\/v2\/product\/894","targetHints":{"allow":["GET"]}}],"collection":[{"href":"https:\/\/thamtraisanvanphong.com.vn\/index.php?rest_route=\/wp\/v2\/product"}],"about":[{"href":"https:\/\/thamtraisanvanphong.com.vn\/index.php?rest_route=\/wp\/v2\/types\/product"}],"replies":[{"embeddable":true,"href":"https:\/\/thamtraisanvanphong.com.vn\/index.php?rest_route=%2Fwp%2Fv2%2Fcomments&post=894"}],"wp:featuredmedia":[{"embeddable":true,"href":"https:\/\/thamtraisanvanphong.com.vn\/index.php?rest_route=\/wp\/v2\/media\/898"}],"wp:attachment":[{"href":"https:\/\/thamtraisanvanphong.com.vn\/index.php?rest_route=%2Fwp%2Fv2%2Fmedia&parent=894"}],"wp:term":[{"taxonomy":"product_cat","embeddable":true,"href":"https:\/\/thamtraisanvanphong.com.vn\/index.php?rest_route=%2Fwp%2Fv2%2Fproduct_cat&post=894"},{"taxonomy":"product_tag","embeddable":true,"href":"https:\/\/thamtraisanvanphong.com.vn\/index.php?rest_route=%2Fwp%2Fv2%2Fproduct_tag&post=894"}],"curies":[{"name":"wp","href":"https:\/\/api.w.org\/{rel}","templated":true}]}}